*s - 141, -4*y - 3*s + d = 0. Let v(p) = 6*p + 2. Let h be v(3). What is the highest common factor of h and y?
20
Let r = 677705 - 677699. Suppose 511 = 5*o - 539. Calculate the greatest common divisor of r and o.
6
Let z = -54 + 82. Let l be 23 + -18 - (-10)/(-2). Suppose 5*i = i + 5*o + 911, l = 4*o + 12. Calculate the highest common divisor of z and i.
28
Let w(u) = u**3 - 42*u**2 + 211*u - 150. Let n be w(37). Calculate the greatest common divisor of 6293 and n.
203
Suppose -6 = -6*n + 12. Suppose n*f - 5*r - 27 = 9, -r = -2*f + 24. Let x be (-9)/f + (-1086)/(-8) + 0. What is the highest common factor of 15 and x?
15
Let s be 149/3 - 6/(-18). Suppose -4*p - 627 = 2*x + 355, 0 = 4*x + 5*p + 1952. Let n = -463 - x. What is the greatest common divisor of n and s?
10
Let l = -11664 - -11688. What is the highest common divisor of l and 1332?
12
Suppose -3*r + 105 - 33 = 0. Suppose 0*i - r = 8*i. Let b be 2/(i/(-168) - 0). What is the greatest common divisor of b and 14?
14
Suppose -2*r + y + 3*y = -334, 5*r - 802 = -y. Let n = r - -15. Calculate the highest common divisor of 32 and n.
16
Let i(p) = -3*p + 234. Let c be i(18). Calculate the greatest common factor of 320 and c.
20
Let i = -293 + 305. Let v(l) = 13*l - 88. Let k be v(i). Calculate the highest common divisor of k and 170.
34
Let m = -18 - -21. Suppose r - 4*o = -4 + 7, -3*r + 9 = -4*o. Suppose 4*n - 86 = -3*k - 6, r*n = m*k + 60. Calculate the greatest common factor of 20 and n.
20
Suppose -205 = -11*t + 213. Suppose -t*q - 52 = -40*q. Calculate the highest common divisor of 91 and q.
13
Suppose 18 = -5*b + 168. Let o(a) = 240*a**3 + 2*a**2 - 4*a + 2. Let l = -142 + 143. Let p be o(l). What is the highest common factor of b and p?
30
Let r = 659 - 317. Let h = -336 + r. What is the greatest common divisor of 318 and h?
6
Suppose 4*x = -s + 24, -2*x + 44 - 40 = 0. Calculate the greatest common factor of 2752 and s.
16
Let g = 123 + -67. Suppose 5*q + 45*h = 43*h + 136, -2*q - 3*h = -50. Calculate the highest common divisor of q and g.
28
Let z be (-61)/(-8) + (-66)/(-176). Suppose -3*w + 63 = 4*n, -3*n = -5*w + z*w - 51. Let f be 36*(-4)/((-6)/3). Calculate the highest common divisor of n and f.
12
Let q(s) = s**2 + 25*s + 132. Let r be q(-18). Let w = 14 + -9. Suppose -61 - 29 = -w*a. Calculate the greatest common factor of r and a.
6
Let j = -25 + 43. Suppose 1040*p - 24366 = 437*p + 472*p. Calculate the greatest common divisor of j and p.
6
Suppose -3*s = -5*w - 2380 - 745, 2080 = 2*s - 4*w. Suppose 48*n = 51*n - s. Calculate the greatest common factor of n and 50.
50
Suppose -2*p = -w - 176, -p + 2*w + 82 = -0*w. Let s = 55 + 38. Suppose 72 = -89*q + s*q. What is the highest common divisor of p and q?
18
Let s be (-105)/6*(38 - 108). Calculate the greatest common divisor of 225 and s.
25
Let x be (-12)/18*-1*(-6)/4. Let a be x/(1971/(-1296) - (-3)/2). Calculate the highest common factor of a and 624.
48
Suppose -1040 = 19*d - 6*d. Let h be (-74)/(-8) + d/64. Let a be 4/((-1)/(-8)*1). What is the greatest common divisor of h and a?
8
Let l be -4*33/(-12) - (-27 - 302). Calculate the greatest common factor of l and 800.
20
Let k be (1443/26)/37*64. Calculate the highest common divisor of 5 and k.
1
Suppose 0 = 5*r + 2687 - 16062. What is the highest common factor of 50 and r?
25
Let n(u) = 44*u - 602. Let b(q) = -30*q + 402. Let x(g) = -7*b(g) - 5*n(g). Let y be x(-38). Calculate the highest common factor of 24 and y.
24
Let m(p) = 3*p**2 - 16*p + 140. Let y be m(-10). Calculate the highest common divisor of 675 and y.
75
Let y = -529 + 531. Suppose -y*s + 84 = 10*s. Calculate the highest common factor of 6 and s.
1
Let b(a) = -320*a - 841. Let x be b(-5). What is the highest common factor of 3 and x?
3
Let t be (0 - -2 - -1) + 23 + -56. Let o be (-7 + 5)*(-1)/(-5)*t. Let y be (80/o)/((-4)/(-42)). Calculate the highest common factor of y and 28.
14
Suppose -12*c = -255 - 501. Suppose -56*y + c*y = 966. What is the greatest common divisor of y and 46?
46
Let b(m) = 3*m**2 + 99*m - 180. Let o be b(-35). Calculate the highest common factor of o and 84.
6
Let y = 18 + -4. Suppose 5*o - 61 = -z, 35*o - 32*o - 3 = 0. Calculate the highest common factor of y and z.
14
Suppose 2967 = -7*p + 3800. What is the greatest common divisor of 49 and p?
7
Suppose 5*g = 4*y - 54, -2*y + 21 - 7 = 4*g. Suppose y*d - 10 = 6*d. Let f be 39/6*44/d. Calculate the greatest common divisor of 13 and f.
13
Suppose -13*f - 631 + 995 = 0. What is the greatest common factor of f and 33404?
28
Suppose -i + 487 = 2*r, -3*i + 2420 = 2*i - 5*r. Let n = -273 + i. What is the greatest common factor of 4 and n?
4
Suppose 4*p - 120 - 2811 = -5*v, 5*v = 5*p + 2940. Suppose -32*l - 2*b + v = -27*l, 2*l = -b + 235. Calculate the greatest common divisor of l and 91.
13
Let y be 5*2/6*42/2. Let j(d) = 138*d**2 - 18*d - 16. Let w be j(-1). Calculate the highest common divisor of w and y.
35
Let p = 5815 + -5247. What is the highest common factor of p and 1207?
71
Suppose 9*b - 36 = -9*b. Let h(w) = -218*w - 4*w**b + 216*w + 3*w**2 + 57. Let y be h(0). Calculate the highest common factor of 19 and y.
19
Suppose -3*p + 35 = x, 27*x = 3*p + 22*x - 5. Let d be 2/(-8) + 26/8. Let z(c) = 4*c - 2. Let o be z(d). What is the highest common divisor of o and p?
10
Let d = -352 + 365. Let g(r) = -r**2 + 14*r - 12. Let v be g(d). What is the greatest common divisor of 27 and v?
1
Let h = 13254 + -11846. What is the highest common factor of 418 and h?
22
Suppose 0 = q + b - 67129, 0 = -85*q + 81*q + 2*b + 268510. What is the greatest common divisor of q and 24?
24
Let a = -21703 - -22738. Calculate the greatest common factor of 27 and a.
9
Suppose 5*f = 2*w - 1120 + 62, w - 2*f - 531 = 0. Calculate the greatest common divisor of 22 and w.
11
Let z be -10 + (-2)/3*-6. Suppose 6*r + 0*r - 24 = 0. Let n be (-56)/6*z/r. Calculate the greatest common factor of 112 and n.
14
Let j(q) = 11*q**2 - 10*q - 237. Let d be j(-17). Calculate the greatest common divisor of 8 and d.
8
Let b = 39 + 66. Let o(u) = u**3 - 8*u**2 - 6*u - 6. Let v be o(9). What is the greatest common factor of b and v?
21
Let f(q) = -6*q - 43. Let r be f(-8). Suppose o - 24 = -4*t, o + 2 = r*t + 17. What is the greatest common factor of 4 and o?
4
Let c be (12/9)/(65/(-6) + 6 + 5). What is the highest common factor of 116 and c?
4
Let x = 13194 + -13173. What is the greatest common divisor of x and 119?
7
Let y be -3*(12 - 12961/39). What is the greatest common factor of y and 31?
31
Suppose -5*n = 3*r - 439, -4*r - 22*n + 18*n = -580. What is the greatest common divisor of 517 and r?
11
Let x(z) = 3*z - 20. Let v be x(8). Suppose 0 = 3*t + 16 - 28. What is the highest common factor of v and t?
4
Suppose -2*o + 6 = 5*r, 3*r = -2*r + o + 12. Let b be ((-2)/r)/(-3 + 35/14). Suppose 0*l + b*l = 40. Calculate the greatest common divisor of 50 and l.
10
Let y be 27/6 - 4/(-8). Suppose 5*g + 12 + 4 = i, -3*g = -4*i + 13. Let b be ((-60)/(-18))/(7/g + 3). What is the highest common divisor of y and b?
5
Let h be 2/8 - 498/(-24). Let q be (-5)/(-20) + (-374)/(-8). Let p = q - h. What is the highest common factor of p and 78?
26
Let u = 384 + 5937. Calculate the highest common factor of 129 and u.
129
Suppose -3*f = -4*s - 1153, -4*f + 11*s + 1559 = 10*s. Calculate the greatest common factor of 621 and f.
23
Let h = 8656 - 7039. Calculate the greatest common factor of h and 132.
33
Suppose -6260 = 159*a - 162*a - 1112. What is the highest common factor of 221 and a?
13
Suppose -7*b + 90 = -2*b. Suppose 15 - 10 = z + 5*j, -135 = -4*z + 3*j. What is the highest common factor of b and z?
6
Let h = 51 - 34. Let b(d) = 6*d**2 - 43*d - 98. Let k be b(-3). What is the greatest common divisor of k and h?
17
Suppose y = -3*a + 917, 5*a - 720 = -4*y + 806. What is the highest common factor of a and 68?
34
Let m(w) = 96*w**2 + 12*w. Let p be m(3). Let o = p + -630. What is the highest common factor of 60 and o?
30
Let v(q) = -60*q**3 + 1. Let s be v(-1). Let k = s - 55. Let x be k/16 + 1386/144. Calculate the greatest common divisor of x and 160.
10
Let v be -9*(-6 - (-7 + 3) - 5). Suppose -3*y + a = -101, -2*y + v = 4*a + 5. Let t be (22/(-3))/(4/(-18)). Calculate the highest common divis